r of 3 and n?
3
Let a(q) = -q**3 - 7*q**2 - 6*q + 45. Let h be a(-5). What is the greatest common divisor of 275 and h?
25
Let d be (-1)/4 + (-1293)/(-4). Suppose -2*v = 5*r - 918 + 110, -v + d = 2*r. What is the greatest common divisor of 27 and r?
27
Let m be ((-4)/(-8))/((-2)/16). Let u(s) = -6*s + 6. Let v be u(m). Suppose 5*c - 3*c + 4*y = v, 5*c - 4*y = 75. What is the greatest common factor of 15 and c?
15
Suppose -2*o - 4*x = -1604, -o + 5*x + 296 = -492. Calculate the highest common divisor of 171 and o.
57
Let a be ((-5472)/(-320) - 6/20)*20. What is the highest common factor of 231 and a?
21
Suppose 2*y - 32 = 4*r - 4, 0 = -5*y + 3*r + 49. Suppose -10 = -y*u + 3*u. Calculate the highest common factor of 10 and u.
2
Let s(f) = -21*f**2 + 17*f + 5. Let t(i) = 10*i**2 - 8*i - 2. Let m(n) = 2*s(n) + 5*t(n). Let g be m(4). Calculate the greatest common divisor of g and 260.
52
Let s be (-3 + 1 + 5)*-1. Let b be 15/s + 1 + 3. Let z be (b - 0)*(-14 - 0). What is the greatest common factor of 154 and z?
14
Suppose 8*f = 4*f + 448. Calculate the highest common factor of f and 48.
16
Let d be 20/(-2)*(-4)/(-8)*17. Let j = -55 - d. Calculate the highest common divisor of 45 and j.
15
Let w = -435 + 477. What is the highest common divisor of 2037 and w?
21
Let p be (-10)/6*(-5 + (5 - 123)). What is the highest common divisor of 41 and p?
41
Suppose -3 = 20*b - 83. What is the greatest common divisor of b and 52?
4
Suppose -3*m - 2*f + 33 = 0, 300*m + 5*f - 22 = 298*m. What is the greatest common divisor of 1848 and m?
11
Suppose -t = -2 - 6. Let y(x) = -x + 1. Let j(i) = -6*i + 5. Let h(m) = 4*j(m) - 20*y(m). Let l be h(-5). What is the greatest common divisor of t and l?
4
Suppose v = -5*y + 144 + 148, -3*y - 4*v + 182 = 0. Calculate the greatest common factor of 551 and y.
29
Let r be (-14)/3*(-15)/5. Let y be 200/r - (-10)/(-35). Let x(o) = 5*o**2 - 5*o - 4. Let b be x(4). Calculate the greatest common divisor of b and y.
14
Suppose 0 = 4*h - 5*k - 63, 5*h + 5*k = -35 + 125. What is the greatest common divisor of 289 and h?
17
Suppose 4*n - 5*s - 416 = 0, 4*s = -2*n - 2*n + 380. What is the greatest common divisor of 132 and n?
33
Let r be -2 + (12/3 - 1) - -109. Calculate the greatest common divisor of 22 and r.
22
Let h(w) = w**2 + 16*w - 135. Let a be h(-21). Suppose -10 = 2*d - d. Let n be -10 - d - a/1. Calculate the greatest common factor of 12 and n.
6
Suppose 122*t = 130*t - 64. Let y(p) = 8*p + 8 - 10 - 10. Let n be y(t). What is the highest common divisor of 13 and n?
13
Let c(x) = 2*x**3 - 15*x + 9. Let a be c(3). Let s = 47 + -28. Suppose -2*n + s = -5. What is the highest common divisor of n and a?
6
Suppose 0*o + 225 = 5*o. Let u be 0 - (-3 - 41 - -14). Calculate the highest common factor of o and u.
15
Suppose 3*r = -5*y + 4, 5*r + 20 = y + 4*y. Suppose y*n = -v + 35, -2*v + 5*n + 28 + 15 = 0. Let l = 31 - v. What is the highest common factor of l and 8?
2
Let x = -598 + 636. What is the highest common divisor of x and 2033?
19
Suppose 112 = z - 9*c + 10*c, z = 3*c + 108. What is the highest common divisor of 6 and z?
3
Let b = -236 + 425. Suppose -2*s = -5*y - 79, 3*s + 155 = 8*s - 4*y. What is the highest common divisor of b and s?
27
Let u be 6/(-9) + 0 + (-518)/(-111). Let o(w) = 3*w - 2. Let i be o(10). Calculate the greatest common factor of u and i.
4
Let z(g) = -g**2 - 6*g - 6. Let r be z(-3). Let a be (-8)/(1/(-4 + r)). What is the greatest common divisor of 1 and a?
1
Let j be (0 + 2)/((-3)/(-33)). Let d = j + -44. Let a = 42 + d. Calculate the greatest common divisor of a and 20.
20
Let j(f) = -2*f + 4. Let b be j(-7). Let h be -2*4/84 + (-9088)/(-168). What is the highest common divisor of b and h?
18
Let i = 1148 + -383. Calculate the highest common divisor of 15 and i.
15
Let s = 642 - 439. Let a(i) = i**2 - 6*i - 3. Let g be a(7). Suppose -x + 27 = -2*b, 0*x = -4*x - g*b + 120. What is the greatest common divisor of s and x?
29
Let g = 2222 + -1367. What is the greatest common factor of g and 15?
15
Suppose -5*k - 236 = -641. Calculate the highest common factor of k and 54.
27
Let k = 20 - 32. Let x be 9/k + 2313/12. Suppose -3*y + y + x = 0. What is the greatest common factor of 24 and y?
24
Suppose 3*a - 18 = -9. Suppose 7*w - 26 = 4*w + u, -3*w + a*u + 36 = 0. What is the greatest common factor of w and 77?
7
Let l be (7 + (-7 - -1))*45/5. Calculate the greatest common divisor of 1143 and l.
9
Let m = -35 + 39. Suppose q + 56 = 5*q + 4*d, -m*d + 38 = 3*q. Suppose -600 = -3*z - 3*c, -4*z + c - 596 = -7*z. What is the highest common divisor of q and z?
18
Let w(d) = -2*d. Let y be w(-2). Let v be 1/(y - (-153)/(-39)). Calculate the highest common divisor of v and 13.
13
Let i be (-8)/60*-3*130. Let m = i + -27. Calculate the greatest common divisor of m and 275.
25
Suppose 2*y - 226 = -2*i, 2*y = -14*i + 19*i - 544. Calculate the highest common divisor of 352 and i.
22
Let t be (-31)/(-2) - (-39)/(-78). What is the greatest common divisor of t and 205?
5
Let s be (24/18)/((-1)/(-3)). Let q be 2/(-4)*s + 4. Suppose q = -i + 10. Calculate the greatest common factor of 64 and i.
8
Suppose 4*x = -5*m - 1490, -4*m - x - 730 = 473. Let t = -182 - m. Suppose -4*c + a = -80, 40 = 3*c - c - 4*a. Calculate the highest common factor of c and t.
20
Let i = 7 + -2. Suppose 16*n - 264 = i*n. What is the greatest common divisor of n and 216?
24
Let i = -38 - -44. What is the highest common divisor of 1 and i?
1
Let q = 1988 + -1948. Calculate the greatest common factor of 10 and q.
10
Let z = 36 + -3. Suppose g + 2*g - z = 0. Calculate the greatest common factor of g and 11.
11
Suppose -n - 4 = -o, 4*o + 4*n + n = -11. Let b be 3*o - (2 + -1). Let x be (6/(-18))/(b/(-60)). Calculate the greatest common divisor of x and 2.
2
Let r be (5 + -8)/(3/32). Let i = -20 - r. What is the highest common divisor of i and 8?
4
Let o be (-9)/((-135)/(-10)) - 3030/(-9). Calculate the greatest common divisor of 144 and o.
48
Suppose -17 + 21 = t. Suppose 3*l = -4*p + 2*l + 28, t*p + 4*l - 28 = 0. Calculate the highest common divisor of 56 and p.
7
Suppose w - 2*w = 4*o - 388, -w - o = -373. Let x = w + -258. Let y be -20*(2/(-4))/1. Calculate the greatest common factor of x and y.
10
Let p = 7 - -62. Suppose -p + 3 = -3*t. Suppose 3*h - 578 = -2*v + 6*v, 4*h - 2*v - 784 = 0. What is the highest common divisor of t and h?
22
Let j = 57 - -104. Let f be 4/(-14) + 2461/j. Calculate the greatest common divisor of f and 6.
3
Let j be -2 - (-2 - -1)*16. Let p(d) = d**3 + 19*d**2 + 15*d - 52. Let c be p(-18). Calculate the highest common factor of j and c.
2
Let g = -5 - -21. Let o = 93 + -65. Let q = o - 20. What is the highest common divisor of g and q?
8
Let y be ((-1068)/10)/((-17)/(-1700)*-10). What is the highest common divisor of 12 and y?
12
Suppose 0 = -4*o - n + 1076 + 1558, 5*o + 5*n = 3300. What is the highest common factor of o and 282?
94
Suppose g - 2*g + 3*f = 22, 5*f = -g - 6. Let r be (1 + -10)*g/1. Let n be (1/(-2))/(1/(-36)). Calculate the greatest common factor of n and r.
18
Suppose 0 = 4*h - 8, 2*m - 5*h = 8 + 10. Let f be 2/1*5/2. Suppose k - 5 = 3*x + 3, 0 = -3*k - f*x + 52. Calculate the greatest common factor of k and m.
14
Suppose -5*l - 16 = 19. Let f(p) = -p**3 - 6*p**2 + 10*p - 3. Let a be f(l). Let n be ((-148)/a)/((-4)/(-24)). Calculate the highest common factor of n and 296.
37
Let g(b) be the third derivative of -b**6/120 - b**5/30 - b**4/12 + 7*b**3/6 - 2*b**2. Let h be g(0). Calculate the highest common divisor of 1 and h.
1
Let c = -13 + 15. Suppose c*i - 4 = 4*i. Let l be (-24)/(-3) + 4/i. Calculate the highest common divisor of 42 and l.
6
Let b be (-1)/2 - (-75)/6. Let y be 2/b - (-17)/6. Suppose -95 = -3*m + 4*r + y, 4*r - 6 = -m. What is the greatest common divisor of m and 208?
26
Suppose 27 = -2*b + 19, -2*n + 6316 = 5*b. Calculate the highest common factor of n and 36.
36
Let a(l) be the first derivative of 43*l**2/2 + 5*l - 1. Let f be a(-4). Let h be (-1)/(-3) - f/3. What is the highest common factor of h and 7?
7
Let u = -154 + -16. Let l = -82 - u. Calculate the highest common divisor of l and 11.
11
Let m = 255 + -56. Suppose -2*l - 8 = 0, 5*l - 599 - 77 = -4*u. Suppose -u = -3*j - 3*s, 5*j - 